{"version":"1.0","provider_name":"C\u00e1mara Oficial de Comercio de Espa\u00f1a en B\u00e9lgica y Luxemburgo","provider_url":"https:\/\/e-camara.com\/web","author_name":"C\u00e1mara BeLux","author_url":"https:\/\/e-camara.com\/web\/author\/wpcamara\/","title":"ICT Spring Europe 2020 - C\u00e1mara Oficial de Comercio de Espa\u00f1a en B\u00e9lgica y Luxemburgo","type":"rich","width":600,"height":338,"html":"<blockquote class=\"wp-embedded-content\" data-secret=\"w7uU0QhBPg\"><a href=\"https:\/\/e-camara.com\/web\/en\/ict-spring-europe-2020-2\/\">ICT Spring Europe 2020<\/a><\/blockquote><iframe sandbox=\"allow-scripts\" security=\"restricted\" src=\"https:\/\/e-camara.com\/web\/en\/ict-spring-europe-2020-2\/embed\/#?secret=w7uU0QhBPg\" width=\"600\" height=\"338\" title=\"\u00abICT Spring Europe 2020\u00bb \u2014 C\u00e1mara Oficial de Comercio de Espa\u00f1a en B\u00e9lgica y Luxemburgo\" data-secret=\"w7uU0QhBPg\" frameborder=\"0\" marginwidth=\"0\" marginheight=\"0\" scrolling=\"no\" class=\"wp-embedded-content\"><\/iframe><script type=\"text\/javascript\">\n\/* <![CDATA[ *\/\n\/*! This file is auto-generated *\/\n!function(d,l){\"use strict\";l.querySelector&&d.addEventListener&&\"undefined\"!=typeof URL&&(d.wp=d.wp||{},d.wp.receiveEmbedMessage||(d.wp.receiveEmbedMessage=function(e){var t=e.data;if((t||t.secret||t.message||t.value)&&!\/[^a-zA-Z0-9]\/.test(t.secret)){for(var s,r,n,a=l.querySelectorAll('iframe[data-secret=\"'+t.secret+'\"]'),o=l.querySelectorAll('blockquote[data-secret=\"'+t.secret+'\"]'),c=new RegExp(\"^https?:$\",\"i\"),i=0;i<o.length;i++)o[i].style.display=\"none\";for(i=0;i<a.length;i++)s=a[i],e.source===s.contentWindow&&(s.removeAttribute(\"style\"),\"height\"===t.message?(1e3<(r=parseInt(t.value,10))?r=1e3:~~r<200&&(r=200),s.height=r):\"link\"===t.message&&(r=new URL(s.getAttribute(\"src\")),n=new URL(t.value),c.test(n.protocol))&&n.host===r.host&&l.activeElement===s&&(d.top.location.href=t.value))}},d.addEventListener(\"message\",d.wp.receiveEmbedMessage,!1),l.addEventListener(\"DOMContentLoaded\",function(){for(var e,t,s=l.querySelectorAll(\"iframe.wp-embedded-content\"),r=0;r<s.length;r++)(t=(e=s[r]).getAttribute(\"data-secret\"))||(t=Math.random().toString(36).substring(2,12),e.src+=\"#?secret=\"+t,e.setAttribute(\"data-secret\",t)),e.contentWindow.postMessage({message:\"ready\",secret:t},\"*\")},!1)))}(window,document);\n\/\/# sourceURL=https:\/\/e-camara.com\/web\/wp-includes\/js\/wp-embed.min.js\n\/* ]]> *\/\n<\/script>\n","thumbnail_url":"https:\/\/e-camara.com\/web\/wp-content\/uploads\/2020\/08\/ICT-Spring-Europe-2020-870x600.jpg","thumbnail_width":1175,"thumbnail_height":441,"description":"On the 5th edition of the international event ICT Spring Europe 2020, that will take place on the September 15th and 16th in Luxembourg, the Chamber will, once again, be an official partner. The aim of ICT Spring Europe, as an influential voice in the global technology community, is to encourage networking among business decision [&hellip;]"}

Cámara Oficial de Comercio de España en Bélgica y Luxemburgo

Cámara BeLux

ICT Spring Europe 2020 - Cámara Oficial de Comercio de España en Bélgica y Luxemburgo

<blockquote class="wp-embedded-content" data-secret="w7uU0QhBPg"><a href="https://e-camara.com/web/en/ict-spring-europe-2020-2/">ICT Spring Europe 2020</a></blockquote><iframe sandbox="allow-scripts" security="restricted" src="https://e-camara.com/web/en/ict-spring-europe-2020-2/embed/#?secret=w7uU0QhBPg" width="600" height="338" title="«ICT Spring Europe 2020» — Cámara Oficial de Comercio de España en Bélgica y Luxemburgo" data-secret="w7uU0QhBPg" frameborder="0" marginwidth="0" marginheight="0" scrolling="no" class="wp-embedded-content"></iframe><script type="text/javascript">
/* <![CDATA[ */
/*! This file is auto-generated */
!function(d,l){"use strict";l.querySelector&&d.addEventListener&&"undefined"!=typeof URL&&(d.wp=d.wp||{},d.wp.receiveEmbedMessage||(d.wp.receiveEmbedMessage=function(e){var t=e.data;if((t||t.secret||t.message||t.value)&&!/[^a-zA-Z0-9]/.test(t.secret)){for(var s,r,n,a=l.querySelectorAll('iframe[data-secret="'+t.secret+'"]'),o=l.querySelectorAll('blockquote[data-secret="'+t.secret+'"]'),c=new RegExp("^https?:$","i"),i=0;i<o.length;i++)o[i].style.display="none";for(i=0;i<a.length;i++)s=a[i],e.source===s.contentWindow&&(s.removeAttribute("style"),"height"===t.message?(1e3<(r=parseInt(t.value,10))?r=1e3:~~r<200&&(r=200),s.height=r):"link"===t.message&&(r=new URL(s.getAttribute("src")),n=new URL(t.value),c.test(n.protocol))&&n.host===r.host&&l.activeElement===s&&(d.top.location.href=t.value))}},d.addEventListener("message",d.wp.receiveEmbedMessage,!1),l.addEventListener("DOMContentLoaded",function(){for(var e,t,s=l.querySelectorAll("iframe.wp-embedded-content"),r=0;r<s.length;r++)(t=(e=s[r]).getAttribute("data-secret"))||(t=Math.random().toString(36).substring(2,12),e.src+="#?secret="+t,e.setAttribute("data-secret",t)),e.contentWindow.postMessage({message:"ready",secret:t},"*")},!1)))}(window,document);
//# sourceURL=https://e-camara.com/web/wp-includes/js/wp-embed.min.js
/* ]]> */
</script>
